{"id":3039,"date":"2016-12-28T22:00:16","date_gmt":"2016-12-28T21:00:16","guid":{"rendered":"https:\/\/photographiesandmore.de\/?page_id=3039"},"modified":"2017-05-19T11:53:45","modified_gmt":"2017-05-19T09:53:45","slug":"long-exposure","status":"publish","type":"page","link":"https:\/\/photographiesandmore.de\/en\/long-exposure\/","title":{"rendered":"Long Exposure"},"content":{"rendered":"<p><section id=\"section-69f48452a1fd4\" class=\" fw-main-row-custom fw-main-row-top  fw_theme_bg_fw-custom fw-image-section fw-section-height-md  \" style=\" background-image:url(https:\/\/photographiesandmore.de\/wp-content\/uploads\/2017\/05\/Pfahlbauten-head.jpg); background-repeat: no-repeat; background-position: center top; background-size: cover;  \"  >\n\t\t<div class=\"fw-container\">\n\t\t<div class=\"fw-row\">\n\t\n<div id=\"column-69f48452a2572\" class=\" fw-col-sm-12  \" style=\" \">\n        <div class=\"fw-col-inner\" >\n\t\t<div class=\"fw-heading fw-heading-h2 fw-heading-center \">\n\t\t\t<h2 class=\"fw-special-title fw_theme_text_color_4\" >Langzeitbelichtungen<\/h2>\n\t\t\t<\/div>\t<\/div>\n<\/div><\/div>\n\n\t<\/div>\n<\/section><section id=\"section-69f48452a3044\" class=\" fw-main-row  auto  \" style=\"   \"  >\n\t\t<div class=\"fw-container\">\n\t\t<div class=\"fw-row\">\n\t\n<div id=\"column-69f48452a348a\" class=\" fw-col-sm-12  \" style=\" \">\n        <div class=\"fw-col-inner\" >\n\t\t<div class=\"fw-text-box \">\n    <div class=\"fw-text-inner\">\n        <p><strong>... mit Stativ und Fernausl\u00f6ser unterwegs<\/strong><\/p><p>Meine Tag- und Nacht-Aufnahmen, die mit langer Belichtungszeit entstanden sind und meist mit Stativ und Fernausl\u00f6ser.<\/p>    <\/div>\n<\/div>\t<\/div>\n<\/div><\/div>\n\n<div class=\"fw-row\">\n\t\n<div id=\"column-69f48452a43a6\" class=\" fw-col-sm-12  \" style=\" \">\n        <div class=\"fw-col-inner\" >\n\t\t<div class=\"fw-col-inner\">\n    <div class=\"fw-portfolio fw-portfolio-1 fw-portfolio-cols-3  fw-portfolio-landscape\">\n                            <div class=\"row fw-portfolio-wrapper\">\n                <ul id=\"fw-portfolio-list-69f48452a49ce\" class=\"fw-portfolio-list clearfix\">\n                    <li data-category=\"landscape, on-tour, nature, longexposure, nd, portfolio-haupt, \">\n    <div class=\"fw-image-relative fw-ratio-container fw-ratio-16-9\">\n        <a href=\"https:\/\/photographiesandmore.de\/en\/project\/wasser-fall\/\" class=\"fw-portfolio-image\">\n            <noscript><img decoding=\"async\" src=\"https:\/\/photographiesandmore.de\/wp-content\/uploads\/2018\/02\/IMGP6065-Bearbeitet.jpg\" alt=\"IMGP6065-Bearbeitet\"><\/noscript><img decoding=\"async\" src=\"data:image\/gif;base64,R0lGODlhAQABAIAAAAAAAP\/\/\/yH5BAEAAAAALAAAAAABAAEAAAIBRAA7\" data-sizes=\"auto\" data-maxdpr=\"1.7\" data-fwimgpath=\"https:\/\/photographiesandmore.de\/wp-content\/uploads\/2018\/02\/\" data-srcset=\"IMGP6065-Bearbeitet.jpg 1277w\" data-srcfw-ratio-1=\"IMGP6065-Bearbeitet-150x150.jpg 150w, IMGP6065-Bearbeitet-800x800.jpg 800w, IMGP6065-Bearbeitet-300x300.jpg 300w, IMGP6065-Bearbeitet-300x300.jpg 300w, IMGP6065-Bearbeitet-100x100.jpg 100w, IMGP6065-Bearbeitet-300x300.jpg 300w, IMGP6065-Bearbeitet-100x100.jpg 100w\" data-srcfw-ratio-2-3=\"IMGP6065-Bearbeitet-200x300.jpg 200w, IMGP6065-Bearbeitet-768x1155.jpg 768w, IMGP6065-Bearbeitet-681x1024.jpg 681w, IMGP6065-Bearbeitet-300x451.jpg 300w, IMGP6065-Bearbeitet-300x451.jpg 300w, IMGP6065-Bearbeitet.jpg 1277w\" data-srcfw-ratio-16-9=\"IMGP6065-Bearbeitet-1228x691.jpg 1228w, IMGP6065-Bearbeitet-614x346.jpg 614w, IMGP6065-Bearbeitet-295x166.jpg 295w, IMGP6065-Bearbeitet-590x332.jpg 590w\" data-srcfw-ratio-9-16=\"IMGP6065-Bearbeitet-295x524.jpg 295w, IMGP6065-Bearbeitet-590x1048.jpg 590w\" data-srcfw-ratio-3-4=\"IMGP6065-Bearbeitet-295x393.jpg 295w, IMGP6065-Bearbeitet-590x786.jpg 590w\"   alt=\"IMGP6065-Bearbeitet\" class=\"lazyload\" \/>            <span class=\"fw-portfolio-zoom\"><\/span>\n            <div class=\"fw-portfolio-overlay\">\n                <div class=\"fw-itable\">\n                    <div class=\"fw-icell\">\n                        <span class=\"fw-portfolio-title\">Wasser &#038; Fall<\/span>\n                        <span class=\"fw-portfolio-description\"><p>Blauenthaler Wasserfall Der h\u00f6chste Wasserfall Sachsens bei Blauenthal, zur Stadtverwaltung Eibenstock geh\u00f6rend, misst immerhin 30m H\u00f6henmeter und ist ganzj\u00e4hrig eine Touristenattraktion. Im Winter bei frostigen -15\u00b0C erwartete uns Besucher ein ph\u00e4nomenales Naturereignis &#8230; es war mehr als\u00a0\u00a0gen\u00fcgend Eis f\u00fcr ein paar Eiskletterer vorhanden.An der Bockau entstanden dabei auch noch ein paar sch\u00f6ne Eindr\u00fccke des Erzgebirges [&hellip;]<\/p>\n<\/span>\n                        <span class=\"fw-number-photo\">6 Photos<\/span>\n                    <\/div>\n                <\/div>\n            <\/div>\n        <\/a>\n    <\/div>\n<\/li><li data-category=\"architecture-portfolio-1, longexposure, portfolio-haupt, architecture, \">\n    <div class=\"fw-image-relative fw-ratio-container fw-ratio-16-9\">\n        <a href=\"https:\/\/photographiesandmore.de\/en\/project\/wackerbarth\/\" class=\"fw-portfolio-image\">\n            <noscript><img decoding=\"async\" src=\"https:\/\/photographiesandmore.de\/wp-content\/uploads\/2016\/12\/wackerbarth-IMGP4641.jpg\" alt=\"wackerbarth-imgp4641\"><\/noscript><img decoding=\"async\" src=\"data:image\/gif;base64,R0lGODlhAQABAIAAAAAAAP\/\/\/yH5BAEAAAAALAAAAAABAAEAAAIBRAA7\" data-sizes=\"auto\" data-maxdpr=\"1.7\" data-fwimgpath=\"https:\/\/photographiesandmore.de\/wp-content\/uploads\/2016\/12\/\" data-srcset=\"wackerbarth-IMGP4641.jpg 1920w\" data-srcfw-ratio-1=\"wackerbarth-IMGP4641-150x150.jpg 150w, wackerbarth-IMGP4641-800x800.jpg 800w, wackerbarth-IMGP4641-300x300.jpg 300w, wackerbarth-IMGP4641-300x300.jpg 300w, wackerbarth-IMGP4641-100x100.jpg 100w, wackerbarth-IMGP4641-300x300.jpg 300w, wackerbarth-IMGP4641-100x100.jpg 100w\" data-srcfw-ratio-16-9=\"wackerbarth-IMGP4641-533x300.jpg 533w, wackerbarth-IMGP4641-768x432.jpg 768w, wackerbarth-IMGP4641-1536x864.jpg 1536w, wackerbarth-IMGP4641-16x9.jpg 16w, wackerbarth-IMGP4641-1228x691.jpg 1228w, wackerbarth-IMGP4641-614x346.jpg 614w, wackerbarth-IMGP4641-295x166.jpg 295w, wackerbarth-IMGP4641-590x332.jpg 590w, wackerbarth-IMGP4641-300x169.jpg 300w, wackerbarth-IMGP4641-300x169.jpg 300w, wackerbarth-IMGP4641.jpg 1920w\" data-srcfw-ratio-9-16=\"wackerbarth-IMGP4641-295x524.jpg 295w, wackerbarth-IMGP4641-590x1048.jpg 590w\" data-srcfw-ratio-3-4=\"wackerbarth-IMGP4641-295x393.jpg 295w, wackerbarth-IMGP4641-590x786.jpg 590w\"   alt=\"wackerbarth-imgp4641\" class=\"lazyload\" \/>            <span class=\"fw-portfolio-zoom\"><\/span>\n            <div class=\"fw-portfolio-overlay\">\n                <div class=\"fw-itable\">\n                    <div class=\"fw-icell\">\n                        <span class=\"fw-portfolio-title\">Lichter &#038; Glanz<\/span>\n                        <span class=\"fw-portfolio-description\"><p>Lichterfest Schloss Wackerbarth in Radebeul bei Dresden<\/p>\n<\/span>\n                        <span class=\"fw-number-photo\">12 Photos<\/span>\n                    <\/div>\n                <\/div>\n            <\/div>\n        <\/a>\n    <\/div>\n<\/li><li data-category=\"architecture-portfolio-1, longexposure, nd, portfolio-haupt, architecture, \">\n    <div class=\"fw-image-relative fw-ratio-container fw-ratio-16-9\">\n        <a href=\"https:\/\/photographiesandmore.de\/en\/project\/maerchen-schloss\/\" class=\"fw-portfolio-image\">\n            <noscript><img decoding=\"async\" src=\"https:\/\/photographiesandmore.de\/wp-content\/uploads\/2016\/12\/moritzburg_phandmore-IMGP2172.jpg\" alt=\"moritzburg_phandmore-IMGP2172\"><\/noscript><img decoding=\"async\" src=\"data:image\/gif;base64,R0lGODlhAQABAIAAAAAAAP\/\/\/yH5BAEAAAAALAAAAAABAAEAAAIBRAA7\" data-sizes=\"auto\" data-maxdpr=\"1.7\" data-fwimgpath=\"https:\/\/photographiesandmore.de\/wp-content\/uploads\/2016\/12\/\" data-srcset=\"moritzburg_phandmore-IMGP2172.jpg 1920w\" data-srcfw-ratio-1=\"moritzburg_phandmore-IMGP2172-300x300.jpg 300w, moritzburg_phandmore-IMGP2172-100x100.jpg 100w, moritzburg_phandmore-IMGP2172-150x150.jpg 150w, moritzburg_phandmore-IMGP2172-100x100.jpg 100w, moritzburg_phandmore-IMGP2172-300x300.jpg 300w, moritzburg_phandmore-IMGP2172-800x800.jpg 800w, moritzburg_phandmore-IMGP2172-300x300.jpg 300w\" data-srcfw-ratio-16-9=\"moritzburg_phandmore-IMGP2172-300x169.jpg 300w, moritzburg_phandmore-IMGP2172-300x169.jpg 300w, moritzburg_phandmore-IMGP2172-768x432.jpg 768w, moritzburg_phandmore-IMGP2172-1024x576.jpg 1024w, moritzburg_phandmore-IMGP2172-300x169.jpg 300w, moritzburg_phandmore-IMGP2172-1228x691.jpg 1228w, moritzburg_phandmore-IMGP2172-614x346.jpg 614w, moritzburg_phandmore-IMGP2172-295x166.jpg 295w, moritzburg_phandmore-IMGP2172-590x332.jpg 590w, moritzburg_phandmore-IMGP2172.jpg 1920w\" data-srcfw-ratio-9-16=\"moritzburg_phandmore-IMGP2172-295x524.jpg 295w, moritzburg_phandmore-IMGP2172-590x1048.jpg 590w\" data-srcfw-ratio-3-4=\"moritzburg_phandmore-IMGP2172-295x393.jpg 295w, moritzburg_phandmore-IMGP2172-590x786.jpg 590w\"   alt=\"moritzburg_phandmore-IMGP2172\" class=\"lazyload\" \/>            <span class=\"fw-portfolio-zoom\"><\/span>\n            <div class=\"fw-portfolio-overlay\">\n                <div class=\"fw-itable\">\n                    <div class=\"fw-icell\">\n                        <span class=\"fw-portfolio-title\">M\u00e4rchen &#038; Romantik<\/span>\n                        <span class=\"fw-portfolio-description\"><p>Schloss Moritzburg in Mei\u00dfen <\/p>\n<\/span>\n                        <span class=\"fw-number-photo\">1 Photo<\/span>\n                    <\/div>\n                <\/div>\n            <\/div>\n        <\/a>\n    <\/div>\n<\/li>                <\/ul>\n            <\/div>\n            <\/div><!-- \/.fw-portfolio -->\n<\/div>\t<\/div>\n<\/div><\/div>\n\n\t<\/div>\n<\/section><\/p>\n","protected":false},"excerpt":{"rendered":"<p>Schloss Moritzburg Aschenbr\u00f6del&#8217;s M\u00e4rchenschloss Das M\u00e4rchenschloss aus dem M\u00e4rchenfilm &#8220; Drei Haseln\u00fcsse f\u00fcr Aschenbr\u00f6del&#8220; in Moritzburg \/ Mei\u00dfen<\/p>","protected":false},"author":1,"featured_media":0,"parent":0,"menu_order":0,"comment_status":"closed","ping_status":"closed","template":"visual-builder-template.php","meta":{"footnotes":""},"class_list":["post-3039","page","type-page","status-publish","hentry"],"_links":{"self":[{"href":"https:\/\/photographiesandmore.de\/en\/wp-json\/wp\/v2\/pages\/3039","targetHints":{"allow":["GET"]}}],"collection":[{"href":"https:\/\/photographiesandmore.de\/en\/wp-json\/wp\/v2\/pages"}],"about":[{"href":"https:\/\/photographiesandmore.de\/en\/wp-json\/wp\/v2\/types\/page"}],"author":[{"embeddable":true,"href":"https:\/\/photographiesandmore.de\/en\/wp-json\/wp\/v2\/users\/1"}],"replies":[{"embeddable":true,"href":"https:\/\/photographiesandmore.de\/en\/wp-json\/wp\/v2\/comments?post=3039"}],"version-history":[{"count":7,"href":"https:\/\/photographiesandmore.de\/en\/wp-json\/wp\/v2\/pages\/3039\/revisions"}],"predecessor-version":[{"id":3572,"href":"https:\/\/photographiesandmore.de\/en\/wp-json\/wp\/v2\/pages\/3039\/revisions\/3572"}],"wp:attachment":[{"href":"https:\/\/photographiesandmore.de\/en\/wp-json\/wp\/v2\/media?parent=3039"}],"curies":[{"name":"wp","href":"https:\/\/api.w.org\/{rel}","templated":true}]}}

<p><section id="section-69f48452a1fd4" class=" fw-main-row-custom fw-main-row-top  fw_theme_bg_fw-custom fw-image-section fw-section-height-md  " style=" background-image:url(https://photographiesandmore.de/wp-content/uploads/2017/05/Pfahlbauten-head.jpg); background-repeat: no-repeat; background-position: center top; background-size: cover;  "  >
		<div class="fw-container">
		<div class="fw-row">
	
<div id="column-69f48452a2572" class=" fw-col-sm-12  " style=" ">
        <div class="fw-col-inner" >
		<div class="fw-heading fw-heading-h2 fw-heading-center ">
			<h2 class="fw-special-title fw_theme_text_color_4" >Langzeitbelichtungen</h2>
			</div>	</div>
</div></div>

	</div>
</section><section id="section-69f48452a3044" class=" fw-main-row  auto  " style="   "  >
		<div class="fw-container">
		<div class="fw-row">
	
<div id="column-69f48452a348a" class=" fw-col-sm-12  " style=" ">
        <div class="fw-col-inner" >
		<div class="fw-text-box ">
    <div class="fw-text-inner">
        <p><strong>... mit Stativ und Fernauslöser unterwegs</strong></p><p>Meine Tag- und Nacht-Aufnahmen, die mit langer Belichtungszeit entstanden sind und meist mit Stativ und Fernauslöser.</p>    </div>
</div>	</div>
</div></div>

<div class="fw-row">
	
<div id="column-69f48452a43a6" class=" fw-col-sm-12  " style=" ">
        <div class="fw-col-inner" >
		<div class="fw-col-inner">
    <div class="fw-portfolio fw-portfolio-1 fw-portfolio-cols-3  fw-portfolio-landscape">
                            <div class="row fw-portfolio-wrapper">
                <ul id="fw-portfolio-list-69f48452a49ce" class="fw-portfolio-list clearfix">
                    <li data-category="landscape, on-tour, nature, longexposure, nd, portfolio-haupt, ">
    <div class="fw-image-relative fw-ratio-container fw-ratio-16-9">
        <a href="https://photographiesandmore.de/en/project/wasser-fall/" class="fw-portfolio-image">
            <noscript><img decoding="async" src="https://photographiesandmore.de/wp-content/uploads/2018/02/IMGP6065-Bearbeitet.jpg" alt="IMGP6065-Bearbeitet"></noscript><img decoding="async" src="data:image/gif;base64,R0lGODlhAQABAIAAAAAAAP///yH5BAEAAAAALAAAAAABAAEAAAIBRAA7" data-sizes="auto" data-maxdpr="1.7" data-fwimgpath="https://photographiesandmore.de/wp-content/uploads/2018/02/" data-srcset="IMGP6065-Bearbeitet.jpg 1277w" data-srcfw-ratio-1="IMGP6065-Bearbeitet-150x150.jpg 150w, IMGP6065-Bearbeitet-800x800.jpg 800w, IMGP6065-Bearbeitet-300x300.jpg 300w, IMGP6065-Bearbeitet-300x300.jpg 300w, IMGP6065-Bearbeitet-100x100.jpg 100w, IMGP6065-Bearbeitet-300x300.jpg 300w, IMGP6065-Bearbeitet-100x100.jpg 100w" data-srcfw-ratio-2-3="IMGP6065-Bearbeitet-200x300.jpg 200w, IMGP6065-Bearbeitet-768x1155.jpg 768w, IMGP6065-Bearbeitet-681x1024.jpg 681w, IMGP6065-Bearbeitet-300x451.jpg 300w, IMGP6065-Bearbeitet-300x451.jpg 300w, IMGP6065-Bearbeitet.jpg 1277w" data-srcfw-ratio-16-9="IMGP6065-Bearbeitet-1228x691.jpg 1228w, IMGP6065-Bearbeitet-614x346.jpg 614w, IMGP6065-Bearbeitet-295x166.jpg 295w, IMGP6065-Bearbeitet-590x332.jpg 590w" data-srcfw-ratio-9-16="IMGP6065-Bearbeitet-295x524.jpg 295w, IMGP6065-Bearbeitet-590x1048.jpg 590w" data-srcfw-ratio-3-4="IMGP6065-Bearbeitet-295x393.jpg 295w, IMGP6065-Bearbeitet-590x786.jpg 590w"   alt="IMGP6065-Bearbeitet" class="lazyload" />            <span class="fw-portfolio-zoom"></span>
            <div class="fw-portfolio-overlay">
                <div class="fw-itable">
                    <div class="fw-icell">
                        <span class="fw-portfolio-title">Wasser &#038; Fall</span>
                        <span class="fw-portfolio-description"><p>Blauenthaler Wasserfall Der höchste Wasserfall Sachsens bei Blauenthal, zur Stadtverwaltung Eibenstock gehörend, misst immerhin 30m Höhenmeter und ist ganzjährig eine Touristenattraktion. Im Winter bei frostigen -15°C erwartete uns Besucher ein phänomenales Naturereignis &#8230; es war mehr als  genügend Eis für ein paar Eiskletterer vorhanden.An der Bockau entstanden dabei auch noch ein paar schöne Eindrücke des Erzgebirges [&hellip;]</p>
</span>
                        <span class="fw-number-photo">6 Photos</span>
                    </div>
                </div>
            </div>
        </a>
    </div>
</li><li data-category="architecture-portfolio-1, longexposure, portfolio-haupt, architecture, ">
    <div class="fw-image-relative fw-ratio-container fw-ratio-16-9">
        <a href="https://photographiesandmore.de/en/project/wackerbarth/" class="fw-portfolio-image">
            <noscript><img decoding="async" src="https://photographiesandmore.de/wp-content/uploads/2016/12/wackerbarth-IMGP4641.jpg" alt="wackerbarth-imgp4641"></noscript><img decoding="async" src="data:image/gif;base64,R0lGODlhAQABAIAAAAAAAP///yH5BAEAAAAALAAAAAABAAEAAAIBRAA7" data-sizes="auto" data-maxdpr="1.7" data-fwimgpath="https://photographiesandmore.de/wp-content/uploads/2016/12/" data-srcset="wackerbarth-IMGP4641.jpg 1920w" data-srcfw-ratio-1="wackerbarth-IMGP4641-150x150.jpg 150w, wackerbarth-IMGP4641-800x800.jpg 800w, wackerbarth-IMGP4641-300x300.jpg 300w, wackerbarth-IMGP4641-300x300.jpg 300w, wackerbarth-IMGP4641-100x100.jpg 100w, wackerbarth-IMGP4641-300x300.jpg 300w, wackerbarth-IMGP4641-100x100.jpg 100w" data-srcfw-ratio-16-9="wackerbarth-IMGP4641-533x300.jpg 533w, wackerbarth-IMGP4641-768x432.jpg 768w, wackerbarth-IMGP4641-1536x864.jpg 1536w, wackerbarth-IMGP4641-16x9.jpg 16w, wackerbarth-IMGP4641-1228x691.jpg 1228w, wackerbarth-IMGP4641-614x346.jpg 614w, wackerbarth-IMGP4641-295x166.jpg 295w, wackerbarth-IMGP4641-590x332.jpg 590w, wackerbarth-IMGP4641-300x169.jpg 300w, wackerbarth-IMGP4641-300x169.jpg 300w, wackerbarth-IMGP4641.jpg 1920w" data-srcfw-ratio-9-16="wackerbarth-IMGP4641-295x524.jpg 295w, wackerbarth-IMGP4641-590x1048.jpg 590w" data-srcfw-ratio-3-4="wackerbarth-IMGP4641-295x393.jpg 295w, wackerbarth-IMGP4641-590x786.jpg 590w"   alt="wackerbarth-imgp4641" class="lazyload" />            <span class="fw-portfolio-zoom"></span>
            <div class="fw-portfolio-overlay">
                <div class="fw-itable">
                    <div class="fw-icell">
                        <span class="fw-portfolio-title">Lichter &#038; Glanz</span>
                        <span class="fw-portfolio-description"><p>Lichterfest Schloss Wackerbarth in Radebeul bei Dresden</p>
</span>
                        <span class="fw-number-photo">12 Photos</span>
                    </div>
                </div>
            </div>
        </a>
    </div>
</li><li data-category="architecture-portfolio-1, longexposure, nd, portfolio-haupt, architecture, ">
    <div class="fw-image-relative fw-ratio-container fw-ratio-16-9">
        <a href="https://photographiesandmore.de/en/project/maerchen-schloss/" class="fw-portfolio-image">
            <noscript><img decoding="async" src="https://photographiesandmore.de/wp-content/uploads/2016/12/moritzburg_phandmore-IMGP2172.jpg" alt="moritzburg_phandmore-IMGP2172"></noscript><img decoding="async" src="data:image/gif;base64,R0lGODlhAQABAIAAAAAAAP///yH5BAEAAAAALAAAAAABAAEAAAIBRAA7" data-sizes="auto" data-maxdpr="1.7" data-fwimgpath="https://photographiesandmore.de/wp-content/uploads/2016/12/" data-srcset="moritzburg_phandmore-IMGP2172.jpg 1920w" data-srcfw-ratio-1="moritzburg_phandmore-IMGP2172-300x300.jpg 300w, moritzburg_phandmore-IMGP2172-100x100.jpg 100w, moritzburg_phandmore-IMGP2172-150x150.jpg 150w, moritzburg_phandmore-IMGP2172-100x100.jpg 100w, moritzburg_phandmore-IMGP2172-300x300.jpg 300w, moritzburg_phandmore-IMGP2172-800x800.jpg 800w, moritzburg_phandmore-IMGP2172-300x300.jpg 300w" data-srcfw-ratio-16-9="moritzburg_phandmore-IMGP2172-300x169.jpg 300w, moritzburg_phandmore-IMGP2172-300x169.jpg 300w, moritzburg_phandmore-IMGP2172-768x432.jpg 768w, moritzburg_phandmore-IMGP2172-1024x576.jpg 1024w, moritzburg_phandmore-IMGP2172-300x169.jpg 300w, moritzburg_phandmore-IMGP2172-1228x691.jpg 1228w, moritzburg_phandmore-IMGP2172-614x346.jpg 614w, moritzburg_phandmore-IMGP2172-295x166.jpg 295w, moritzburg_phandmore-IMGP2172-590x332.jpg 590w, moritzburg_phandmore-IMGP2172.jpg 1920w" data-srcfw-ratio-9-16="moritzburg_phandmore-IMGP2172-295x524.jpg 295w, moritzburg_phandmore-IMGP2172-590x1048.jpg 590w" data-srcfw-ratio-3-4="moritzburg_phandmore-IMGP2172-295x393.jpg 295w, moritzburg_phandmore-IMGP2172-590x786.jpg 590w"   alt="moritzburg_phandmore-IMGP2172" class="lazyload" />            <span class="fw-portfolio-zoom"></span>
            <div class="fw-portfolio-overlay">
                <div class="fw-itable">
                    <div class="fw-icell">
                        <span class="fw-portfolio-title">Märchen &#038; Romantik</span>
                        <span class="fw-portfolio-description"><p>Schloss Moritzburg in Meißen </p>
</span>
                        <span class="fw-number-photo">1 Photo</span>
                    </div>
                </div>
            </div>
        </a>
    </div>
</li>                </ul>
            </div>
            </div><!-- /.fw-portfolio -->
</div>	</div>
</div></div>

	</div>
</section></p>

<p>Schloss Moritzburg Aschenbrödel&#8217;s Märchenschloss Das Märchenschloss aus dem Märchenfilm &#8220; Drei Haselnüsse für Aschenbrödel&#8220; in Moritzburg / Meißen</p>
